e 6) to base 9.
-28868
What is -334 (base 8) in base 6?
-1004
Convert 3342 (base 5) to base 4.
13120
110000100 (base 3) to base 12
5099
1301 (base 9) to base 8
1715
Convert -7511 (base 13) to base 2.
-11111101101110
What is 412 (base 10) in base 12?
2a4
What is 111110000 (base 2) in base 4?
13300
What is 4611 (base 7) in base 6?
11430
Convert -42071 (base 9) to base 6.
-332314
What is 16a3 (base 11) in base 14?
b10
What is -154412 (base 6) in base 14?
-57cc
Convert 10dc (base 14) to base 12.
184a
Convert -12660 (base 7) to base 6.
-23503
-f401 (base 16) to base 9
-104615
171151 (base 8) to base 10
62057
Convert -15226 (base 8) to base 7.
-25562
What is 1168 (base 9) in base 7?
2354
What is -142020 (base 6) in base 16?
-345c
What is -37b46 (base 12) in base 11?
-52069
What is -33321 (base 4) in base 8?
-1771
Convert 503 (base 7) to base 10.
248
What is -1111110101 (base 2) in base 6?
-4405
Convert 321 (base 13) to base 11.
446
Convert -10011 (base 8) to base 3.
-12122001
Convert 56632 (base 8) to base 12.
11a4a
-801 (base 16) to base 10
-2049
-11110110111100 (base 2) to base 8
-36674
-1042421 (base 5) to base 11
-12986
Convert -1434 (base 14) to base 15.
-10d4
Convert -10210 (base 4) to base 16.
-124
12431 (base 7) to base 9
4472
Convert -3242 (base 6) to base 8.
-1352
2234 (base 6) to base 5
4101
What is 310320 (base 4) in base 8?
6470
Convert 2c47 (base 16) to base 2.
10110001000111
Convert 2775 (base 8) to base 5.
22113
What is 1110001000000 (base 2) in base 11?
5485
-414100 (base 5) to base 15
-40a0
What is 1131200 (base 5) in base 3?
1001112101
124012 (base 5) to base 16
1312
What is 12202222 (base 3) in base 4?
1001303
What is -25440 (base 6) in base 10?
-3840
-66154 (base 7) to base 6
-204344
Convert -b6b9 (base 15) to base 2.
-1001011011111001
Convert 405 (base 12) to base 5.
4311
What is 2003 (base 9) in base 5?
21321
Convert -1608 (base 14) to base 4.
-331120
-200031 (base 4) to base 14
-a73
Convert -12315 (base 11) to base 8.
-42422
13255 (base 7) to base 13
1816
Convert 1241 (base 7) to base 8.
726
-346 (base 8) to base 9
-275
1001211 (base 3) to base 2
1100001010
-1552 (base 8) to base 7
-2356
b2a3 (base 13) to base 7
131555
What is -22115 (base 6) in base 4?
-233333
10023000 (base 4) to base 8
41300
What is -3824 (base 9) in base 10?
-2857
Convert -470 (base 11) to base 13.
-342
What is -379 (base 14) in base 11?
-582
Convert -147 (base 10) to base 13.
-b4
What is -3182 (base 10) in base 4?
-301232
Convert 100111101101 (base 2) to base 3.
10111010
-61726 (base 8) to base 11
-18225
80 (base 13) to base 5
404
Convert -8324 (base 10) to base 14.
-3068
Convert -121043 (base 5) to base 8.
-10653
-395 (base 14) to base 3
-222122
What is 3b5 (base 13) in base 8?
1217
What is 175a (base 12) in base 4?
223312
What is -975 (base 13) in base 10?
-1617
Convert -211300 (base 4) to base 12.
-1494
-383 (base 13) to base 11
-509
760 (base 14) to base 10
1456
Convert a7 (base 13) to base 3.
12002
Convert 73e (base 16) to base 13.
ac8
What is 221210112 (base 3) in base 7?
105554
30e9 (base 15) to base 10
10344
What is b39 (base 12) in base 2?
11001011101
What is -110000100 (base 2) in base 3?
-112101
What is 46d (base 16) in base 10?
1133
Convert 3f (base 16) to base 9.
70
Convert 1021110220 (base 3) to base 11.
1797a
What is 423 (base 14) in base 11?
681
-101000110 (base 2) to base 3
-110002
Convert 27571 (base 8) to base 13.
56bb
11741 (base 9) to base 6
100314
Convert -622 (base 8) to base 15.
-1bc
-9c05 (base 14) to base 9
-41088
-221120 (base 3) to base 16
-2b2
What is -210 (base 3) in base 14?
-17
Convert -2bb (base 15) to base 2.
-1001110010
Convert 1322 (base 10) to base 16.
52a
10311 (base 4) to base 8
465
-111101000110 (base 2) to base 16
-f46
Convert -22255 (base 6) to base 13.
-156b
-456 (base 8) to base 5
-2202
16582 (base 9) to base 8
26226
239 (base 12) to base 2
101001101
Convert f4 (base 16) to base 9.
301
Convert -302112 (base 4) to base 16.
-c96
What is 33573 (base 8) in base 9?
21431
What is 768 (base 9) in base 14?
32d
Convert 11102021001 (base 3) to base 8.
251635
-7c10 (base 15) to base 11
-18876
Convert -635 (base 11) to base 16.
-2fc
Convert 22d3 (base 15) to base 7.
30366
Convert 46c5 (base 14) to base 2.
11000000100101
-1300 (base 9) to base 7
-2556
Convert -7012 (base 9) to base 2.
-1001111111010
-a433 (base 12) to base 11
-12499
Convert 255 (base 8) to base 13.
104
-40241 (base 7) to base 11
-7347
What is -253535 (base 6) in base 14?
-84a7
Convert 404 (base 14) to base 7.
2204
What is 154 (base 6) in base 13?
55
1101001 (base 2) to base 4
1221
-28ad (base 14) to base 3
-100220000
What is -11211 (base 3) in base 4?
-2002
Convert 5406 (base 7) to base 2.
11101111101
100012012 (base 3) to base 2
1101000101101
Convert -1021122 (base 3) to base 12.
-65b
-1bb (base 12) to base 16
-11f
What is -676 (base 10) in base 4?
-22210
25444 (base 6) to base 2
111100000100
1241e (base 16) to base 7
431011
Convert -4572 (base 9) to base 12.
-1b62
Convert 203 (base 15) to base 3.
121210
Convert -79d (base 15) to base 4.
-122323
What is -3300 (base 6) in base 10?
-756
What is -114 (base 14) in base 7?
-424
What is -2d3a (base 14) in base 16?
-1f98
Convert -5827 (base 9) to base 5.
-114233
What is -11352 (base 9) in base 6?
-55032
4332 (base 5) to base 11
499
200504 (base 6) to base 16
3d78
What is -3841 (base 9) in base 7?
-11242
1528 (base 10) to base 9
2077
-10405 (base 9) to base 8
-15352
-16852 (base 12) to base 2
-111111000111110
Convert 4655 (base 7) to base 12.
ba2
What is 4422 (base 5) in base 3?
211200
-5a1 (base 13) to base 15
-451
Convert -2041 (base 7) to base 6.
-3151
-19472 (base 11) to base 8
-65057
2010212 (base 3) to base 10
1562
2ae8 (base 15) to base 4
2100002
What is -10131 (base 7) in base 13?
-1182
What is 2d9 (base 15) in base 14?
34a
41 (base 14) to base 9
63
Convert 1cb (base 13) to base 14.
1a0
-2030 (base 5) to base 12
-1a1
-200313 (base 4) to base 11
-1642
What is -10041 (base 6) in base 9?
-1727
Convert 10100110111 (base 2) to base 11.
1004
What is -142237 (base 9) in base 12?
-42397
837 (base 14) to base 10
1617
What is -10326 (base 7) in base 5?
-40233
Convert 34971 (base 10) to base 5.
2104341
Convert -43 (base 8) to base 2.
-100011
What is 1404 (base 10) in base 15?
639
Convert -7976 (base 14) to base 8.
-51124
720 (base 14) to base 9
1825
Convert -363 (base 8) to base 3.
-100000
165054 (base 7) to base 14
c02b
-3112 (base 11) to base 9
-5585
What is 1a29 (base 11) in base 2?
101000001100
Convert -230220 (base 4) to base 16.
-b28
What is -300344 (base 5) in base 4?
-2110002
Convert -152260 (base 7) to base 10.
-29638
-224243 (base 5) to base 11
-607a
What is -88 (base 10) in base 2?
-1011000
Convert -111010111 (base 2) to base 10.
-471
Convert 453 (base 10) to base 7.
1215
What is -202200101 (base 3) in base 14?
-56cc
-112551 (base 6) to base 2
-10010111110011
What is 5315 (base 11) in base 16?
1b7a
2310333 (base 4) to base 9
16800
Convert -2001120 (base 3) to base 9.
-2046
What is -123bb (base 13) in base 15?
-9e61
2210210 (base 3) to base 7
5652
What is 2033110 (base 4) in base 14?
34b2
-32102 (base 9) to base 5
-1134344
What is -567 (base 8) in base 6?
-1423
What is -53311 (base 6) in base 9?
-10837
-50626 (base 7) to base 3
-121220021
8452 (base 10) to base 6
103044
Convert 22210110 (base 3) to base 9.
8713
609 (base 16) to base 4
120021
-945 (base 12) to base 4
-111011
Convert -2111002 (base 3) to base 8.
-3423
-881 (base 9) to base 13
-436
Convert 212201 (base 3) to base 7.
1603
-10232 (base 5) to base 8
-1264
What is -286 (base 10) in base 4?
-10132
Convert 234a0 (base 11) to base 7.
200513
62724 (base 8) to base 7
136000
26102 (base 10) to base 9
38722
-53c (base 16) to base 10
-1340
-103 (base 8) to base 9
-74
-880 (base 15) to base 16
-780
Convert -2722 (base 9) to base 10.
-2045
-1010233 (base 4) to base 11
-333a
36334 (base 7) to base 10
9433
What is 3220 (base 7) in base 5?
14031
What is -525 (base 13) in base 11?
-727
Convert 375a (base 11) to base 12.
2a09
-a910 (base 15) to base 12
-18866
Convert -3d3 (base 16) to base 10.
-979
Convert -114101 (base 7) to base 16.
-5096
Convert -3323001 (base 4) to base 14.
-5bd7
Convert -1012213 (base 4) to base 2.
-1000110100111
Convert 19649 (base 10